{"id":1007,"date":"2020-09-16T11:22:20","date_gmt":"2020-09-16T11:22:20","guid":{"rendered":"http:\/\/lpg.angels-garden.hu\/?page_id=1007"},"modified":"2024-07-31T12:26:08","modified_gmt":"2024-07-31T12:26:08","slug":"regisztracio","status":"publish","type":"page","link":"https:\/\/lpg.angels-garden.hu\/index.php\/regisztracio\/","title":{"rendered":"Regisztr\u00e1ci\u00f3"},"content":{"rendered":"\n<!-- WebGalamb H\u00edrlev\u00e9lk\u00f3d eleje -->\n<form id=\"feliratkozo_form_25\" method=\"post\" action=\"http:\/\/posta.angels-garden.hu\/wg\/subscriber.php?g=25&#038;f=662ae177a7\">\n  <table border=\"0\" cellspacing=\"0\" cellpadding=\"4\">\n   <tr> \n    <td align=\"right\">N\u00e9v:<font color=\"red\">*<\/font><\/td>\n    <td>\n     <textarea name=\"f_138\"><\/textarea>\n\t \n    <\/td>\n   <\/tr>\n   <tr> \n    <td align=\"right\">E-mail c\u00edm:<font color=\"red\">*<\/font><\/td>\n    <td>\n    <input type=\"email\" name=\"subscr\" \/>\n\t \n    <\/td>\n   <\/tr>\n   <tr> \n    <td align=\"right\">Telefonsz\u00e1m:<font color=\"red\">*<\/font><\/td>\n    <td>\n     <input type=\"text\" name=\"f_139\" value=\"\" \/>\n\t \n    <\/td>\n   <\/tr>\n   <tr> \n    <td align=\"right\">Melyik akci\u00f3t szeretn\u00e9d?:<font color=\"red\">*<\/font><\/td>\n    <td>\n     <input name=\"f_140[]\" value=\"72\" type=\"checkbox\" \/> LPG Lipomassage alakform\u00e1l\u00f3 kezel\u00e9s.<br \/>\n     <input name=\"f_140[]\" value=\"73\" type=\"checkbox\" \/>Venus fen\u00e9k lifting kezel\u00e9s.<br \/>\n     <input name=\"f_140[]\" value=\"74\" type=\"checkbox\" \/>Venus karcs\u00fas\u00edt\u00f3 toniz\u00e1l\u00f3 testkezel\u00e9s.<br \/>\n\t \n    <\/td>\n   <\/tr>\n   <tr> \n    <td align=\"right\">Megismertem \u00e9s elfogadom a regisztr\u00e1ci\u00f3s, a kezel\u00e9s beleegyez\u0151 nyilatkozatot \u00e9s id\u0151pont foglal\u00e1si felt\u00e9teleket, adatkezel\u00e9si felt\u00e9teleket:*:<font color=\"red\">*<\/font><\/td>\n    <td>\n     <input type=\"text\" name=\"f_141\" \/>\n\t \n    <\/td>\n   <\/tr>\n   <tr> \n    <td align=\"center\" colspan=\"2\"><input type=\"submit\" name=sub value=\"Feliratkoz\u00e1s\" onClick=\"if(!fvalidate_25('feliratkozo_form_25')) return false;\" \/><\/td>\n   <\/tr>\n <\/table>\n<\/form>\n<!-- WebGalamb H\u00edrlev\u00e9lk\u00f3d - form v\u00e9ge  \n     JavaScript ellen\u0151rz\u0151 k\u00f3d eleje -->\n<script type=\"text\/javascript\">function checkf_140(){\n var inputs= document.getElementsByTagName(\"input\");\n for(var i= 0; i< inputs.length; i++){\n if(inputs[i].name == \"f_140[]\" &#038;&#038; inputs[i].checked){\n return 0;\n }}\n return 1; }\n\nfunction fvalidate_25(fname)\n{\n   var formx=document.getElementById(fname);\n   var hiba='';\n   var mregexp=\/^([a-zA-Z0-9_\\.\\-\\+&#038;])+\\@(([a-zA-Z0-9\\-])+\\.)+([a-zA-Z0-9]{2,6})+$\/;\n   if(!mregexp.test(formx.subscr.value))\n   {\n     hiba='* Hib\u00e1s a megadott e-mail c\u00edm!';\n     formx.subscr.focus();\n   }\n\n   if (!formx.f_138.value)\n     {\n   hiba+= (hiba?\"\\n\":'')+'* N\u00e9v nincs megadva!';\n   formx.f_138.focus();\n     }\n   var mregexp=\/^([0-9])+$\/;\n   if(!mregexp.test(formx.f_139.value))\n   {\n    hiba+= (hiba?\"\\n\":'')+'* Telefonsz\u00e1m nincs megadva vagy nem sz\u00e1m!';\n     formx.f_139.focus();\n   }\n if(checkf_140()) hiba+= (hiba?\"\\n\":'')+'* Melyik akci\u00f3t szeretn\u00e9d? nincs megadva!';\n   if (!formx.f_141.value)\n     {\n   hiba+= (hiba?\"\\n\":'')+'* Megismertem \u00e9s elfogadom a regisztr\u00e1ci\u00f3s, a kezel\u00e9s beleegyez\u0151 nyilatkozatot \u00e9s id\u0151pont foglal\u00e1si felt\u00e9teleket, adatkezel\u00e9si felt\u00e9teleket:* nincs megadva!';\n   formx.f_141.focus();\n     }\nif(hiba)alert(hiba); else return true;\n}\n<\/script>\n<!-- JavaScript ellen\u0151rz\u0151 k\u00f3d v\u00e9ge -->\n\n\n\n<p><strong>Figyelem!<\/strong><\/p>\n\n\n\n<ul class=\"wp-block-list\">\n<li>Regisztr\u00e1ci\u00f3d meger\u0151s\u00edt\u00e9s\u00e9hez hamarosan kapsz egy emailt, benne egy meger\u0151s\u00edt\u00e9st k\u00e9r\u0151 linkkel, amire r\u00e1 kell kattints, hogy regisztr\u00e1ci\u00f3d v\u00e9gleges\u00edtsd. K\u00e9rlek ezt ne mulaszd el, mert regisztr\u00e1ci\u00f3d csak ekkor l\u00e9p \u00e9letbe. Az email n\u00e9h\u00e1ny percen bel\u00fcl meg kell \u00e9rkezzen.<\/li>\n\n\n\n<li><strong>El\u0151fordul, hogy pl.: a gmail spam-k\u00e9nt vagy prom\u00f3ci\u00f3s lev\u00e9lk\u00e9nt kezeli a leveleket. Ezt a probl\u00e9m\u00e1t kiv\u00e9dheted azzal, ha a k\u00f6veted l\u00e9p\u00e9sr\u0151l-l\u00e9p\u00e9sre az al\u00e1bbi elj\u00e1r\u00e1st, amellyel sz\u0171r\u0151t tudsz l\u00e9trehozni. Ezt am\u00fagy is hasznos megismerned, ha m\u00e9g nem alkalmaztad soha, mert ezzel tudsz k\u00e9retlen levelekt\u0151l megszabadulni. Ha maximum 24 \u00f3r\u00e1n bel\u00fcl nem kapsz t\u0151lem emailt, k\u00e9rlek jelezd azt fel\u00e9m el\u00e9rhet\u0151s\u00e9geim egyik\u00e9n.<\/strong><\/li>\n<\/ul>\n\n\n\n<hr class=\"wp-block-separator has-css-opacity\"\/>\n\n\n\n<p><strong>Hogyan v\u00e9dd ki h\u00edrlevelem spamfi\u00f3kba sorol\u00e1s\u00e1t?<\/strong><\/p>\n\n\n\n<p>Kattintson a Gmail levelez\u0151 baloldal\u00e1n a spamfi\u00f3kra (az al\u00e1bbi \u00e1bra mutatja, hol tal\u00e1lod):<\/p>\n\n\n\n<figure class=\"wp-block-image aligncenter\"><a href=\"http:\/\/angels-garden.hu\/wp-content\/uploads\/2015\/06\/googlespam.png\"><img decoding=\"async\" src=\"http:\/\/angels-garden.hu\/wp-content\/uploads\/2015\/06\/googlespam.png\" alt=\"googlespam\" class=\"wp-image-1440\"\/><\/a><\/figure>\n\n\n\n<hr class=\"wp-block-separator has-css-opacity\"\/>\n\n\n\n<p>Nyisd meg a h\u00edrlevelemet, \u00e9s az al\u00e1bbi \u00e1br\u00e1n pirossal bekeretezett kis h\u00e1romsz\u00f6gre kattintva a leg\u00f6rd\u00fcl\u0151 list\u00e1b\u00f3l v\u00e1laszd az \"Ilyen \u00fczenetek sz\u0171r\u00e9se\" opci\u00f3t.<\/p>\n\n\n\n<figure class=\"wp-block-image aligncenter\"><a href=\"http:\/\/angels-garden.hu\/wp-content\/uploads\/2015\/06\/googlespam2.png\"><img decoding=\"async\" src=\"http:\/\/angels-garden.hu\/wp-content\/uploads\/2015\/06\/googlespam2.png\" alt=\"googlespam2\" class=\"wp-image-1441\"\/><\/a><\/figure>\n\n\n\n<hr class=\"wp-block-separator has-css-opacity\"\/>\n\n\n\n<p>Ekkor megny\u00edlik az al\u00e1bbi ablak, amelyben kattints a pirossal bekeretezett \"Sz\u0171r\u0151 k\u00e9sz\u00edt\u00e9se a keres\u00e9s alapj\u00e1n\" sz\u00f6vegre!<\/p>\n\n\n\n<figure class=\"wp-block-image aligncenter\"><a href=\"http:\/\/angels-garden.hu\/wp-content\/uploads\/2015\/06\/googlespam3.png\"><img decoding=\"async\" src=\"http:\/\/angels-garden.hu\/wp-content\/uploads\/2015\/06\/googlespam3.png\" alt=\"googlespam3\" class=\"wp-image-1442\"\/><\/a><\/figure>\n\n\n\n<hr class=\"wp-block-separator has-css-opacity\"\/>\n\n\n\n<p>A megjelen\u0151 ablakban pip\u00e1ld ki a \"Soha ne legyen spam\" \u00e9s a \"Sz\u0171r\u0151 alkalmaz\u00e1sa az egyez\u0151 besz\u00e9lget\u00e9sekre is\" n\u00e9gyzeteket.<br>Ezut\u00e1n kattints a nagy k\u00e9k sz\u00edn\u0171, \"Sz\u0171r\u0151 l\u00e9trehoz\u00e1sa\" gombra, \u00e9s t\u00f6bb\u00e9 a h\u00edrlevelem nem lesz spam.<\/p>\n\n\n\n<figure class=\"wp-block-image aligncenter\"><a href=\"http:\/\/angels-garden.hu\/wp-content\/uploads\/2015\/06\/googlespam4.png\"><img decoding=\"async\" src=\"http:\/\/angels-garden.hu\/wp-content\/uploads\/2015\/06\/googlespam4.png\" alt=\"googlespam4\" class=\"wp-image-1443\"\/><\/a><\/figure>\n\n\n\n<hr class=\"wp-block-separator has-css-opacity\"\/>\n\n\n\n<p>Sajnos ezut\u00e1n is el\u0151fordulhat, hogy a Prom\u00f3ci\u00f3k f\u00fcl al\u00e1 fog besorol\u00f3dni, ahova a t\u00f6bbi kereskedelmi jelleg\u0171 lev\u00e9l \u00e9rkezik.<br>A Prom\u00f3ci\u00f3k f\u00fcl az al\u00e1bbi \u00e1br\u00e1n pirossal van bekeretezve.<\/p>\n\n\n\n<figure class=\"wp-block-image aligncenter\"><a href=\"http:\/\/angels-garden.hu\/wp-content\/uploads\/2015\/06\/googlespam5.png\"><img decoding=\"async\" src=\"http:\/\/angels-garden.hu\/wp-content\/uploads\/2015\/06\/googlespam5.png\" alt=\"googlespam5\" class=\"wp-image-1444\"\/><\/a><\/figure>\n\n\n\n<hr class=\"wp-block-separator has-css-opacity\"\/>\n\n\n\n<p>A felt\u00e9telrendszer v\u00e1ltoztat\u00e1s\u00e1nak jog\u00e1t fenntartjuk!<\/p>\n","protected":false},"excerpt":{"rendered":"<p>N\u00e9v:* E-mail c\u00edm:* Telefonsz\u00e1m:* Melyik akci\u00f3t szeretn\u00e9d?:* LPG Lipomassage alakform\u00e1l\u00f3 kezel\u00e9s. Venus fen\u00e9k lifting kezel\u00e9s. Venus karcs\u00fas\u00edt\u00f3 toniz\u00e1l\u00f3 testkezel\u00e9s. Megismertem \u00e9s elfogadom a regisztr\u00e1ci\u00f3s, a kezel\u00e9s beleegyez\u0151 nyilatkozatot \u00e9s id\u0151pont foglal\u00e1si felt\u00e9teleket, adatkezel\u00e9si felt\u00e9teleket:*:* Figyelem! Hogyan v\u00e9dd ki h\u00edrlevelem spamfi\u00f3kba sorol\u00e1s\u00e1t? Kattintson a Gmail levelez\u0151 baloldal\u00e1n a spamfi\u00f3kra (az al\u00e1bbi \u00e1bra mutatja, hol tal\u00e1lod): Nyisd [&hellip;]<\/p>\n","protected":false},"author":2,"featured_media":0,"parent":0,"menu_order":0,"comment_status":"closed","ping_status":"closed","template":"","meta":{"footnotes":""},"class_list":["post-1007","page","type-page","status-publish","hentry"],"yoast_head":"<!-- This site is optimized with the Yoast SEO plugin v27.5 - https:\/\/yoast.com\/product\/yoast-seo-wordpress\/ -->\n<title>Regisztr\u00e1ci\u00f3 - lpg.angels-garden.hu<\/title>\n<meta name=\"robots\" content=\"index, follow, max-snippet:-1, max-image-preview:large, max-video-preview:-1\" \/>\n<link rel=\"canonical\" href=\"https:\/\/lpg.angels-garden.hu\/index.php\/regisztracio\/\" \/>\n<meta property=\"og:locale\" content=\"hu_HU\" \/>\n<meta property=\"og:type\" content=\"article\" \/>\n<meta property=\"og:title\" content=\"Regisztr\u00e1ci\u00f3 - lpg.angels-garden.hu\" \/>\n<meta property=\"og:description\" content=\"N\u00e9v:* E-mail c\u00edm:* Telefonsz\u00e1m:* Melyik akci\u00f3t szeretn\u00e9d?:* LPG Lipomassage alakform\u00e1l\u00f3 kezel\u00e9s. Venus fen\u00e9k lifting kezel\u00e9s. Venus karcs\u00fas\u00edt\u00f3 toniz\u00e1l\u00f3 testkezel\u00e9s. Megismertem \u00e9s elfogadom a regisztr\u00e1ci\u00f3s, a kezel\u00e9s beleegyez\u0151 nyilatkozatot \u00e9s id\u0151pont foglal\u00e1si felt\u00e9teleket, adatkezel\u00e9si felt\u00e9teleket:*:* Figyelem! Hogyan v\u00e9dd ki h\u00edrlevelem spamfi\u00f3kba sorol\u00e1s\u00e1t? Kattintson a Gmail levelez\u0151 baloldal\u00e1n a spamfi\u00f3kra (az al\u00e1bbi \u00e1bra mutatja, hol tal\u00e1lod): Nyisd [&hellip;]\" \/>\n<meta property=\"og:url\" content=\"https:\/\/lpg.angels-garden.hu\/index.php\/regisztracio\/\" \/>\n<meta property=\"og:site_name\" content=\"lpg.angels-garden.hu\" \/>\n<meta property=\"article:modified_time\" content=\"2024-07-31T12:26:08+00:00\" \/>\n<meta property=\"og:image\" content=\"http:\/\/angels-garden.hu\/wp-content\/uploads\/2015\/06\/googlespam.png\" \/>\n<meta name=\"twitter:card\" content=\"summary_large_image\" \/>\n<meta name=\"twitter:label1\" content=\"Becs\u00fclt olvas\u00e1si id\u0151\" \/>\n\t<meta name=\"twitter:data1\" content=\"3 perc\" \/>\n<script type=\"application\/ld+json\" class=\"yoast-schema-graph\">{\"@context\":\"https:\\\/\\\/schema.org\",\"@graph\":[{\"@type\":\"WebPage\",\"@id\":\"https:\\\/\\\/lpg.angels-garden.hu\\\/index.php\\\/regisztracio\\\/\",\"url\":\"https:\\\/\\\/lpg.angels-garden.hu\\\/index.php\\\/regisztracio\\\/\",\"name\":\"Regisztr\u00e1ci\u00f3 - lpg.angels-garden.hu\",\"isPartOf\":{\"@id\":\"https:\\\/\\\/lpg.angels-garden.hu\\\/#website\"},\"primaryImageOfPage\":{\"@id\":\"https:\\\/\\\/lpg.angels-garden.hu\\\/index.php\\\/regisztracio\\\/#primaryimage\"},\"image\":{\"@id\":\"https:\\\/\\\/lpg.angels-garden.hu\\\/index.php\\\/regisztracio\\\/#primaryimage\"},\"thumbnailUrl\":\"http:\\\/\\\/angels-garden.hu\\\/wp-content\\\/uploads\\\/2015\\\/06\\\/googlespam.png\",\"datePublished\":\"2020-09-16T11:22:20+00:00\",\"dateModified\":\"2024-07-31T12:26:08+00:00\",\"breadcrumb\":{\"@id\":\"https:\\\/\\\/lpg.angels-garden.hu\\\/index.php\\\/regisztracio\\\/#breadcrumb\"},\"inLanguage\":\"hu\",\"potentialAction\":[{\"@type\":\"ReadAction\",\"target\":[\"https:\\\/\\\/lpg.angels-garden.hu\\\/index.php\\\/regisztracio\\\/\"]}]},{\"@type\":\"ImageObject\",\"inLanguage\":\"hu\",\"@id\":\"https:\\\/\\\/lpg.angels-garden.hu\\\/index.php\\\/regisztracio\\\/#primaryimage\",\"url\":\"http:\\\/\\\/angels-garden.hu\\\/wp-content\\\/uploads\\\/2015\\\/06\\\/googlespam.png\",\"contentUrl\":\"http:\\\/\\\/angels-garden.hu\\\/wp-content\\\/uploads\\\/2015\\\/06\\\/googlespam.png\"},{\"@type\":\"BreadcrumbList\",\"@id\":\"https:\\\/\\\/lpg.angels-garden.hu\\\/index.php\\\/regisztracio\\\/#breadcrumb\",\"itemListElement\":[{\"@type\":\"ListItem\",\"position\":1,\"name\":\"Kezd\u0151lap\",\"item\":\"https:\\\/\\\/lpg.angels-garden.hu\\\/\"},{\"@type\":\"ListItem\",\"position\":2,\"name\":\"Regisztr\u00e1ci\u00f3\"}]},{\"@type\":\"WebSite\",\"@id\":\"https:\\\/\\\/lpg.angels-garden.hu\\\/#website\",\"url\":\"https:\\\/\\\/lpg.angels-garden.hu\\\/\",\"name\":\"lpg.angels-garden.hu\",\"description\":\"Massz\u00e1zsok arc \u00e9s testkezel\u00e9sek Lpg kezel\u00e9s\",\"potentialAction\":[{\"@type\":\"SearchAction\",\"target\":{\"@type\":\"EntryPoint\",\"urlTemplate\":\"https:\\\/\\\/lpg.angels-garden.hu\\\/?s={search_term_string}\"},\"query-input\":{\"@type\":\"PropertyValueSpecification\",\"valueRequired\":true,\"valueName\":\"search_term_string\"}}],\"inLanguage\":\"hu\"}]}<\/script>\n<!-- \/ Yoast SEO plugin. -->","yoast_head_json":{"title":"Regisztr\u00e1ci\u00f3 - lpg.angels-garden.hu","robots":{"index":"index","follow":"follow","max-snippet":"max-snippet:-1","max-image-preview":"max-image-preview:large","max-video-preview":"max-video-preview:-1"},"canonical":"https:\/\/lpg.angels-garden.hu\/index.php\/regisztracio\/","og_locale":"hu_HU","og_type":"article","og_title":"Regisztr\u00e1ci\u00f3 - lpg.angels-garden.hu","og_description":"N\u00e9v:* E-mail c\u00edm:* Telefonsz\u00e1m:* Melyik akci\u00f3t szeretn\u00e9d?:* LPG Lipomassage alakform\u00e1l\u00f3 kezel\u00e9s. Venus fen\u00e9k lifting kezel\u00e9s. Venus karcs\u00fas\u00edt\u00f3 toniz\u00e1l\u00f3 testkezel\u00e9s. Megismertem \u00e9s elfogadom a regisztr\u00e1ci\u00f3s, a kezel\u00e9s beleegyez\u0151 nyilatkozatot \u00e9s id\u0151pont foglal\u00e1si felt\u00e9teleket, adatkezel\u00e9si felt\u00e9teleket:*:* Figyelem! Hogyan v\u00e9dd ki h\u00edrlevelem spamfi\u00f3kba sorol\u00e1s\u00e1t? Kattintson a Gmail levelez\u0151 baloldal\u00e1n a spamfi\u00f3kra (az al\u00e1bbi \u00e1bra mutatja, hol tal\u00e1lod): Nyisd [&hellip;]","og_url":"https:\/\/lpg.angels-garden.hu\/index.php\/regisztracio\/","og_site_name":"lpg.angels-garden.hu","article_modified_time":"2024-07-31T12:26:08+00:00","og_image":[{"url":"http:\/\/angels-garden.hu\/wp-content\/uploads\/2015\/06\/googlespam.png","type":"","width":"","height":""}],"twitter_card":"summary_large_image","twitter_misc":{"Becs\u00fclt olvas\u00e1si id\u0151":"3 perc"},"schema":{"@context":"https:\/\/schema.org","@graph":[{"@type":"WebPage","@id":"https:\/\/lpg.angels-garden.hu\/index.php\/regisztracio\/","url":"https:\/\/lpg.angels-garden.hu\/index.php\/regisztracio\/","name":"Regisztr\u00e1ci\u00f3 - lpg.angels-garden.hu","isPartOf":{"@id":"https:\/\/lpg.angels-garden.hu\/#website"},"primaryImageOfPage":{"@id":"https:\/\/lpg.angels-garden.hu\/index.php\/regisztracio\/#primaryimage"},"image":{"@id":"https:\/\/lpg.angels-garden.hu\/index.php\/regisztracio\/#primaryimage"},"thumbnailUrl":"http:\/\/angels-garden.hu\/wp-content\/uploads\/2015\/06\/googlespam.png","datePublished":"2020-09-16T11:22:20+00:00","dateModified":"2024-07-31T12:26:08+00:00","breadcrumb":{"@id":"https:\/\/lpg.angels-garden.hu\/index.php\/regisztracio\/#breadcrumb"},"inLanguage":"hu","potentialAction":[{"@type":"ReadAction","target":["https:\/\/lpg.angels-garden.hu\/index.php\/regisztracio\/"]}]},{"@type":"ImageObject","inLanguage":"hu","@id":"https:\/\/lpg.angels-garden.hu\/index.php\/regisztracio\/#primaryimage","url":"http:\/\/angels-garden.hu\/wp-content\/uploads\/2015\/06\/googlespam.png","contentUrl":"http:\/\/angels-garden.hu\/wp-content\/uploads\/2015\/06\/googlespam.png"},{"@type":"BreadcrumbList","@id":"https:\/\/lpg.angels-garden.hu\/index.php\/regisztracio\/#breadcrumb","itemListElement":[{"@type":"ListItem","position":1,"name":"Kezd\u0151lap","item":"https:\/\/lpg.angels-garden.hu\/"},{"@type":"ListItem","position":2,"name":"Regisztr\u00e1ci\u00f3"}]},{"@type":"WebSite","@id":"https:\/\/lpg.angels-garden.hu\/#website","url":"https:\/\/lpg.angels-garden.hu\/","name":"lpg.angels-garden.hu","description":"Massz\u00e1zsok arc \u00e9s testkezel\u00e9sek Lpg kezel\u00e9s","potentialAction":[{"@type":"SearchAction","target":{"@type":"EntryPoint","urlTemplate":"https:\/\/lpg.angels-garden.hu\/?s={search_term_string}"},"query-input":{"@type":"PropertyValueSpecification","valueRequired":true,"valueName":"search_term_string"}}],"inLanguage":"hu"}]}},"_links":{"self":[{"href":"https:\/\/lpg.angels-garden.hu\/index.php\/wp-json\/wp\/v2\/pages\/1007","targetHints":{"allow":["GET"]}}],"collection":[{"href":"https:\/\/lpg.angels-garden.hu\/index.php\/wp-json\/wp\/v2\/pages"}],"about":[{"href":"https:\/\/lpg.angels-garden.hu\/index.php\/wp-json\/wp\/v2\/types\/page"}],"author":[{"embeddable":true,"href":"https:\/\/lpg.angels-garden.hu\/index.php\/wp-json\/wp\/v2\/users\/2"}],"replies":[{"embeddable":true,"href":"https:\/\/lpg.angels-garden.hu\/index.php\/wp-json\/wp\/v2\/comments?post=1007"}],"version-history":[{"count":11,"href":"https:\/\/lpg.angels-garden.hu\/index.php\/wp-json\/wp\/v2\/pages\/1007\/revisions"}],"predecessor-version":[{"id":1249,"href":"https:\/\/lpg.angels-garden.hu\/index.php\/wp-json\/wp\/v2\/pages\/1007\/revisions\/1249"}],"wp:attachment":[{"href":"https:\/\/lpg.angels-garden.hu\/index.php\/wp-json\/wp\/v2\/media?parent=1007"}],"curies":[{"name":"wp","href":"https:\/\/api.w.org\/{rel}","templated":true}]}}