{"id":156,"date":"2015-07-16T09:12:51","date_gmt":"2015-07-16T09:12:51","guid":{"rendered":"http:\/\/test.kriesi.at\/minimal-portfolio\/?page_id=156"},"modified":"2025-08-31T13:04:36","modified_gmt":"2025-08-31T13:04:36","slug":"contact","status":"publish","type":"page","link":"https:\/\/lpg.angels-garden.hu\/index.php\/contact\/","title":{"rendered":"Kapcsolat"},"content":{"rendered":"\n<style type=\"text\/css\" data-created_by=\"avia_inline_auto\" id=\"style-css-av-2xja1g-f53d851494cb770a3434cc670e26a80d\">\n.avia-section.av-2xja1g-f53d851494cb770a3434cc670e26a80d{\nbackground-repeat:no-repeat;\nbackground-image:url(https:\/\/lpg.angels-garden.hu\/wp-content\/uploads\/2020\/07\/ag_web_mainlogo-300x82.png);\nbackground-position:50% 0%;\nbackground-attachment:scroll;\n}\n<\/style>\n<div id='av_section_1'  class='avia-section av-2xja1g-f53d851494cb770a3434cc670e26a80d main_color avia-section-huge avia-no-border-styling  avia-builder-el-0  el_before_av_one_fifth  avia-builder-el-first  avia-bg-style-scroll container_wrap sidebar_left'  data-section-bg-repeat='no-repeat'><div class='container av-section-cont-open' ><main  role=\"main\" itemprop=\"mainContentOfPage\"  class='template-page content  av-content-small units'><div class='post-entry post-entry-type-page post-entry-156'><div class='entry-content-wrapper clearfix'>\n\n<style type=\"text\/css\" data-created_by=\"avia_inline_auto\" id=\"style-css-av-2iiqxo-abb2b793dd69d3bf89492a23ac056450\">\n.flex_column.av-2iiqxo-abb2b793dd69d3bf89492a23ac056450{\nborder-radius:0px 0px 0px 0px;\npadding:0px 0px 0px 0px;\n}\n<\/style>\n<div  class='flex_column av-2iiqxo-abb2b793dd69d3bf89492a23ac056450 av_one_fifth  avia-builder-el-1  el_before_av_three_fifth  avia-builder-el-first  first flex_column_div av-zero-column-padding  '     ><\/div>\n<style type=\"text\/css\" data-created_by=\"avia_inline_auto\" id=\"style-css-av-2h0zr0-b0b74ba5783c7acf4bf958a86332f1b2\">\n.flex_column.av-2h0zr0-b0b74ba5783c7acf4bf958a86332f1b2{\nborder-radius:0px 0px 0px 0px;\npadding:0px 0px 0px 0px;\n}\n<\/style>\n<div  class='flex_column av-2h0zr0-b0b74ba5783c7acf4bf958a86332f1b2 av_three_fifth  avia-builder-el-2  el_after_av_one_fifth  el_before_av_one_fifth  flex_column_div av-animated-generic bottom-to-top av-zero-column-padding  '     ><section  class='av_textblock_section av-2a2irw-0787e25c02e184c1505f515fbcdf7a86 '   itemscope=\"itemscope\" itemtype=\"https:\/\/schema.org\/CreativeWork\" ><div class='avia_textblock'  itemprop=\"text\" ><p style=\"text-align: center;\">V\u00e1rlak Vit\u00e1l Studio<\/p>\n<p style=\"text-align: center;\">\n<p style=\"text-align: center;\"><a href=\"mailto:varlakvitalstudio@gmail.com\"><strong>varlakvitalstudio@gmail.com<\/strong><\/a><\/p>\n<p style=\"text-align: center;\">+36301717985<\/p>\n<p style=\"text-align: center;\"><a href=\"https:\/\/www.facebook.com\/share\/16pVGnWweA\/?mibextid=wwXIfr\">Facebook<\/a><\/p>\n<p style=\"text-align: center;\">A kezel\u00e9sek ig\u00e9nybev\u00e9tel\u00e9hez id\u0151pontegyeztet\u00e9s sz\u00fcks\u00e9ges telefonon, \u00a0emailben messenger \u00fczenetben.<\/p>\n<p><a href=\"https:\/\/maps.app.goo.gl\/iPRMjK6cXBp2tH99A\">3900 Szerencs Husz\u00e1rv\u00e1r utca 30.<\/a><\/p>\n<\/div><\/section><br \/>\n\n<style type=\"text\/css\" data-created_by=\"avia_inline_auto\" id=\"style-css-av-257uys-28ee705ed61abfa60a4d12965eec5a22\">\n#top .hr.av-257uys-28ee705ed61abfa60a4d12965eec5a22{\nmargin-top:70px;\nmargin-bottom:70px;\n}\n.hr.av-257uys-28ee705ed61abfa60a4d12965eec5a22 .hr-inner{\nwidth:90px;\nmax-width:45%;\n}\n.hr.av-257uys-28ee705ed61abfa60a4d12965eec5a22 .av-seperator-icon{\ncolor:#e7b8b8;\n}\n.hr.av-257uys-28ee705ed61abfa60a4d12965eec5a22 .av-seperator-icon.avia-svg-icon svg:first-child{\nfill:#e7b8b8;\nstroke:#e7b8b8;\n}\n<\/style>\n<div  class='hr av-257uys-28ee705ed61abfa60a4d12965eec5a22 hr-custom  avia-builder-el-4  el_after_av_textblock  avia-builder-el-last  hr-center hr-icon-yes'><span class='hr-inner inner-border-av-border-thin'><span class=\"hr-inner-style\"><\/span><\/span><span class='av-seperator-icon avia-iconfont avia-font-entypo-fontello' data-av_icon='\ue8b8' data-av_iconfont='entypo-fontello' ><\/span><span class='hr-inner inner-border-av-border-thin'><span class=\"hr-inner-style\"><\/span><\/span><\/div><\/p><\/div>\n<style type=\"text\/css\" data-created_by=\"avia_inline_auto\" id=\"style-css-av-1ycin8-27c188a8691feccf82862eb2980a6da9\">\n.flex_column.av-1ycin8-27c188a8691feccf82862eb2980a6da9{\nborder-radius:0px 0px 0px 0px;\npadding:0px 0px 0px 0px;\n}\n<\/style>\n<div  class='flex_column av-1ycin8-27c188a8691feccf82862eb2980a6da9 av_one_fifth  avia-builder-el-5  el_after_av_three_fifth  el_before_av_one_half  flex_column_div av-zero-column-padding avia-link-column av-column-link  '    data-link-column-url=\"http:\/\/https:\/\/www.google.com\/maps\/d\/viewer?msa=0&#038;hl=hu&#038;ie=UTF8&#038;t=m&#038;vpsrc=0&#038;ll=47.502692%2C19.064745000000002&#038;spn=0.004711%2C0.005633&#038;z=17&#038;source=embed&#038;mid=1odwCCf0XG8hDSdysdGc77BbKWvo\"  data-link-column-target=\"_blank\"   ><a class=\"av-screen-reader-only\" href=http:\/\/https:\/\/www.google.com\/maps\/d\/viewer?msa=0&#038;hl=hu&#038;ie=UTF8&#038;t=m&#038;vpsrc=0&#038;ll=47.502692%2C19.064745000000002&#038;spn=0.004711%2C0.005633&#038;z=17&#038;source=embed&#038;mid=1odwCCf0XG8hDSdysdGc77BbKWvo  target=\"_blank\" >Follow a manual added link<\/a><\/div>\n<style type=\"text\/css\" data-created_by=\"avia_inline_auto\" id=\"style-css-av-1rqy6c-44b6ffa06e695a6d778858c170490819\">\n.flex_column.av-1rqy6c-44b6ffa06e695a6d778858c170490819{\nborder-radius:0px 0px 0px 0px;\npadding:0px 0px 0px 0px;\n}\n<\/style>\n<div  class='flex_column av-1rqy6c-44b6ffa06e695a6d778858c170490819 av_one_half  avia-builder-el-6  el_after_av_one_fifth  el_before_av_one_half  first flex_column_div av-zero-column-padding  column-top-margin'     ><section  class='av_textblock_section av-17bado-341066d05c050c5b89d701ce0b327da0 '   itemscope=\"itemscope\" itemtype=\"https:\/\/schema.org\/CreativeWork\" ><div class='avia_textblock'  itemprop=\"text\" ><p style=\"text-align: center;\">Nyitvatart\u00e1s<strong> Bejelentkez\u00e9s alapj\u00e1n<\/strong>, az al\u00e1bbi id\u0151intervallumok k\u00f6z\u00f6tt:<\/p>\n<p style=\"text-align: center;\">H\u00e9tf\u0151 10:00- 21:00<\/p>\n<p style=\"text-align: center;\">Kedd 10:00- 21:00<\/p>\n<p style=\"text-align: center;\">Szerda 10:00- 21:00<\/p>\n<p style=\"text-align: center;\">Cs\u00fct\u00f6rt\u00f6k\u00a0 10:00- 21:00<\/p>\n<p style=\"text-align: center;\">P\u00e9ntek 10:00- 21:00<\/p>\n<p style=\"text-align: center;\">Szombat 10:00- 18.00<\/p>\n<p>\u00a0 \u00a0 \u00a0 \u00a0 \u00a0 \u00a0 Vas\u00e1rnap \u00a0 \u00a010:00- 18.00<\/p>\n<\/div><\/section><\/div>\n<style type=\"text\/css\" data-created_by=\"avia_inline_auto\" id=\"style-css-av-157cl0-b8434829897881edde4f19e2c0b3fdea\">\n.flex_column.av-157cl0-b8434829897881edde4f19e2c0b3fdea{\nborder-radius:0px 0px 0px 0px;\npadding:0px 0px 0px 0px;\n}\n<\/style>\n<div  class='flex_column av-157cl0-b8434829897881edde4f19e2c0b3fdea av_one_half  avia-builder-el-8  el_after_av_one_half  avia-builder-el-last  flex_column_div av-zero-column-padding  column-top-margin'     ><form action=\"https:\/\/lpg.angels-garden.hu\/index.php\/contact\/\" method=\"post\" data-fields-with-error=\"Found errors in the following field(s):\" class=\"avia_ajax_form av-form-labels-hidden   avia-builder-el-9  avia-builder-el-no-sibling   \" data-avia-form-id=\"1\" data-avia-redirect='' ><fieldset><p class='  first_form  form_element form_element_third' id='element_avia_1_1'><label for=\"avia_1_1\">Name <abbr class=\"required\" title=\"required\">*<\/abbr><\/label> <input name=\"avia_1_1\" class=\"text_input is_empty\" type=\"text\" id=\"avia_1_1\" value=\"\"  placeholder='Name*'\/><\/p><p class='  form_element form_element_third' id='element_avia_2_1'><label for=\"avia_2_1\">E-Mail <abbr class=\"required\" title=\"required\">*<\/abbr><\/label> <input name=\"avia_2_1\" class=\"text_input is_email\" type=\"text\" id=\"avia_2_1\" value=\"\"  placeholder='E-Mail*'\/><\/p><p class='  form_element form_element_third' id='element_avia_3_1'><label for=\"avia_3_1\">Subject <abbr class=\"required\" title=\"required\">*<\/abbr><\/label> <input name=\"avia_3_1\" class=\"text_input is_empty\" type=\"text\" id=\"avia_3_1\" value=\"\"  placeholder='Subject*'\/><\/p><p class='  first_form  form_element form_fullwidth av-last-visible-form-element' id='element_avia_4_1'><label for=\"avia_4_1\" class=\"textare_label hidden textare_label_avia_4_1\">Message <abbr class=\"required\" title=\"required\">*<\/abbr><\/label><textarea  placeholder='Message*' name=\"avia_4_1\" class=\"text_area is_empty\" cols=\"40\" rows=\"7\" id=\"avia_4_1\" ><\/textarea><\/p><p class=\"hidden\"><input type=\"text\" name=\"avia_5_1\" class=\"hidden \" id=\"avia_5_1\" value=\"\" \/><\/p><p class=\"form_element \"><input type=\"hidden\" value=\"1\" name=\"avia_generated_form1\" \/><input type=\"submit\" value=\"Submit\" class=\"button\"  data-sending-label=\"K\u00fcld\u00e9s\"\/><\/p><\/fieldset><\/form><div id=\"ajaxresponse_1\" class=\"ajaxresponse ajaxresponse_1 hidden\"><\/div><\/div><\/div><\/div><\/main><!-- close content main element --><\/div><\/div><div id='after_section_1'  class='main_color av_default_container_wrap container_wrap sidebar_left'  ><div class='container av-section-cont-open' ><div class='template-page content  av-content-small units'><div class='post-entry post-entry-type-page post-entry-156'><div class='entry-content-wrapper clearfix'>\n<style type=\"text\/css\" data-created_by=\"avia_inline_auto\" id=\"style-css-av-174rye-4bdc7fef0b4926af86dfb721ff5acb03\">\n.flex_column.av-174rye-4bdc7fef0b4926af86dfb721ff5acb03{\nborder-radius:0px 0px 0px 0px;\npadding:0px 0px 0px 0px;\n}\n<\/style>\n<div  class='flex_column av-174rye-4bdc7fef0b4926af86dfb721ff5acb03 av_one_fifth  avia-builder-el-10  el_after_av_section  el_before_av_one_fifth  avia-builder-el-first  first flex_column_div av-zero-column-padding  '     ><\/div><\/p>\n\n<style type=\"text\/css\" data-created_by=\"avia_inline_auto\" id=\"style-css-av-174rye-1-b6232c8fd2cef3f5de1971a9bd741fe6\">\n.flex_column.av-174rye-1-b6232c8fd2cef3f5de1971a9bd741fe6{\nborder-radius:0px 0px 0px 0px;\npadding:0px 0px 0px 0px;\n}\n<\/style>\n<div  class='flex_column av-174rye-1-b6232c8fd2cef3f5de1971a9bd741fe6 av_one_fifth  avia-builder-el-11  el_after_av_one_fifth  el_before_av_google_map  avia-builder-el-last  flex_column_div av-zero-column-padding  '     ><\/div>\n<div  class='av_gmaps_sc_main_wrap av_gmaps_main_wrap '><div id='av_gmap_0' class='avia-google-map-container avia-google-map-sc av_gmaps_show_unconditionally av-no-fallback-img ' data-mapid='av_gmap_0'  style='height: 400px;'><a class=\"av_gmaps_browser_disabled av_text_confirm_link av_text_confirm_link_visible\" href=\"https:\/\/www.google.com\/maps\/search\/?api=1&#038;query=Husz\u00e1rv\u00e1r%20\u00fat%2030.%203900%20Szerencs%20%20Magyarorsz\u00e1g\" target=\"_blank\">Maps were disabled by the visitor on this site. Click to open the map in a new window.<\/a><\/div><\/div>\n","protected":false},"excerpt":{"rendered":"","protected":false},"author":1,"featured_media":0,"parent":0,"menu_order":0,"comment_status":"open","ping_status":"closed","template":"","meta":{"footnotes":""},"class_list":["post-156","page","type-page","status-publish","hentry"],"yoast_head":"<!-- This site is optimized with the Yoast SEO plugin v27.5 - https:\/\/yoast.com\/product\/yoast-seo-wordpress\/ -->\n<title>Kapcsolat - lpg.angels-garden.hu<\/title>\n<meta name=\"robots\" content=\"index, follow, max-snippet:-1, max-image-preview:large, max-video-preview:-1\" \/>\n<link rel=\"canonical\" href=\"https:\/\/lpg.angels-garden.hu\/index.php\/contact\/\" \/>\n<meta property=\"og:locale\" content=\"hu_HU\" \/>\n<meta property=\"og:type\" content=\"article\" \/>\n<meta property=\"og:title\" content=\"Kapcsolat - lpg.angels-garden.hu\" \/>\n<meta property=\"og:url\" content=\"https:\/\/lpg.angels-garden.hu\/index.php\/contact\/\" \/>\n<meta property=\"og:site_name\" content=\"lpg.angels-garden.hu\" \/>\n<meta property=\"article:modified_time\" content=\"2025-08-31T13:04:36+00:00\" \/>\n<meta name=\"twitter:card\" content=\"summary_large_image\" \/>\n<meta name=\"twitter:label1\" content=\"Becs\u00fclt olvas\u00e1si id\u0151\" \/>\n\t<meta name=\"twitter:data1\" content=\"1 perc\" \/>\n<script type=\"application\/ld+json\" class=\"yoast-schema-graph\">{\"@context\":\"https:\\\/\\\/schema.org\",\"@graph\":[{\"@type\":\"WebPage\",\"@id\":\"https:\\\/\\\/lpg.angels-garden.hu\\\/index.php\\\/contact\\\/\",\"url\":\"https:\\\/\\\/lpg.angels-garden.hu\\\/index.php\\\/contact\\\/\",\"name\":\"Kapcsolat - lpg.angels-garden.hu\",\"isPartOf\":{\"@id\":\"https:\\\/\\\/lpg.angels-garden.hu\\\/#website\"},\"datePublished\":\"2015-07-16T09:12:51+00:00\",\"dateModified\":\"2025-08-31T13:04:36+00:00\",\"breadcrumb\":{\"@id\":\"https:\\\/\\\/lpg.angels-garden.hu\\\/index.php\\\/contact\\\/#breadcrumb\"},\"inLanguage\":\"hu\",\"potentialAction\":[{\"@type\":\"ReadAction\",\"target\":[\"https:\\\/\\\/lpg.angels-garden.hu\\\/index.php\\\/contact\\\/\"]}]},{\"@type\":\"BreadcrumbList\",\"@id\":\"https:\\\/\\\/lpg.angels-garden.hu\\\/index.php\\\/contact\\\/#breadcrumb\",\"itemListElement\":[{\"@type\":\"ListItem\",\"position\":1,\"name\":\"Kezd\u0151lap\",\"item\":\"https:\\\/\\\/lpg.angels-garden.hu\\\/\"},{\"@type\":\"ListItem\",\"position\":2,\"name\":\"Kapcsolat\"}]},{\"@type\":\"WebSite\",\"@id\":\"https:\\\/\\\/lpg.angels-garden.hu\\\/#website\",\"url\":\"https:\\\/\\\/lpg.angels-garden.hu\\\/\",\"name\":\"lpg.angels-garden.hu\",\"description\":\"Massz\u00e1zsok arc \u00e9s testkezel\u00e9sek Lpg kezel\u00e9s\",\"potentialAction\":[{\"@type\":\"SearchAction\",\"target\":{\"@type\":\"EntryPoint\",\"urlTemplate\":\"https:\\\/\\\/lpg.angels-garden.hu\\\/?s={search_term_string}\"},\"query-input\":{\"@type\":\"PropertyValueSpecification\",\"valueRequired\":true,\"valueName\":\"search_term_string\"}}],\"inLanguage\":\"hu\"}]}<\/script>\n<!-- \/ Yoast SEO plugin. -->","yoast_head_json":{"title":"Kapcsolat - lpg.angels-garden.hu","robots":{"index":"index","follow":"follow","max-snippet":"max-snippet:-1","max-image-preview":"max-image-preview:large","max-video-preview":"max-video-preview:-1"},"canonical":"https:\/\/lpg.angels-garden.hu\/index.php\/contact\/","og_locale":"hu_HU","og_type":"article","og_title":"Kapcsolat - lpg.angels-garden.hu","og_url":"https:\/\/lpg.angels-garden.hu\/index.php\/contact\/","og_site_name":"lpg.angels-garden.hu","article_modified_time":"2025-08-31T13:04:36+00:00","twitter_card":"summary_large_image","twitter_misc":{"Becs\u00fclt olvas\u00e1si id\u0151":"1 perc"},"schema":{"@context":"https:\/\/schema.org","@graph":[{"@type":"WebPage","@id":"https:\/\/lpg.angels-garden.hu\/index.php\/contact\/","url":"https:\/\/lpg.angels-garden.hu\/index.php\/contact\/","name":"Kapcsolat - lpg.angels-garden.hu","isPartOf":{"@id":"https:\/\/lpg.angels-garden.hu\/#website"},"datePublished":"2015-07-16T09:12:51+00:00","dateModified":"2025-08-31T13:04:36+00:00","breadcrumb":{"@id":"https:\/\/lpg.angels-garden.hu\/index.php\/contact\/#breadcrumb"},"inLanguage":"hu","potentialAction":[{"@type":"ReadAction","target":["https:\/\/lpg.angels-garden.hu\/index.php\/contact\/"]}]},{"@type":"BreadcrumbList","@id":"https:\/\/lpg.angels-garden.hu\/index.php\/contact\/#breadcrumb","itemListElement":[{"@type":"ListItem","position":1,"name":"Kezd\u0151lap","item":"https:\/\/lpg.angels-garden.hu\/"},{"@type":"ListItem","position":2,"name":"Kapcsolat"}]},{"@type":"WebSite","@id":"https:\/\/lpg.angels-garden.hu\/#website","url":"https:\/\/lpg.angels-garden.hu\/","name":"lpg.angels-garden.hu","description":"Massz\u00e1zsok arc \u00e9s testkezel\u00e9sek Lpg kezel\u00e9s","potentialAction":[{"@type":"SearchAction","target":{"@type":"EntryPoint","urlTemplate":"https:\/\/lpg.angels-garden.hu\/?s={search_term_string}"},"query-input":{"@type":"PropertyValueSpecification","valueRequired":true,"valueName":"search_term_string"}}],"inLanguage":"hu"}]}},"_links":{"self":[{"href":"https:\/\/lpg.angels-garden.hu\/index.php\/wp-json\/wp\/v2\/pages\/156","targetHints":{"allow":["GET"]}}],"collection":[{"href":"https:\/\/lpg.angels-garden.hu\/index.php\/wp-json\/wp\/v2\/pages"}],"about":[{"href":"https:\/\/lpg.angels-garden.hu\/index.php\/wp-json\/wp\/v2\/types\/page"}],"author":[{"embeddable":true,"href":"https:\/\/lpg.angels-garden.hu\/index.php\/wp-json\/wp\/v2\/users\/1"}],"replies":[{"embeddable":true,"href":"https:\/\/lpg.angels-garden.hu\/index.php\/wp-json\/wp\/v2\/comments?post=156"}],"version-history":[{"count":23,"href":"https:\/\/lpg.angels-garden.hu\/index.php\/wp-json\/wp\/v2\/pages\/156\/revisions"}],"predecessor-version":[{"id":1727,"href":"https:\/\/lpg.angels-garden.hu\/index.php\/wp-json\/wp\/v2\/pages\/156\/revisions\/1727"}],"wp:attachment":[{"href":"https:\/\/lpg.angels-garden.hu\/index.php\/wp-json\/wp\/v2\/media?parent=156"}],"curies":[{"name":"wp","href":"https:\/\/api.w.org\/{rel}","templated":true}]}}