{"id":1506,"date":"2025-02-20T08:48:49","date_gmt":"2025-02-20T08:48:49","guid":{"rendered":"https:\/\/lpg.angels-garden.hu\/?post_type=product&#038;p=1506"},"modified":"2025-08-31T15:15:11","modified_gmt":"2025-08-31T15:15:11","slug":"lpg-testkezeles-ajandekutalvany","status":"publish","type":"product","link":"https:\/\/lpg.angels-garden.hu\/index.php\/termek\/lpg-testkezeles-ajandekutalvany\/","title":{"rendered":"Lpg Lipomassage testkezel\u00e9s +ingyenes \u00e1llapotfelm\u00e9r\u00e9s"},"content":{"rendered":"<p>A 35 perces massz\u00e1zs teljes m\u00e9rt\u00e9kben az \u00e1ltalad jelzett megoldand\u00f3 probl\u00e9ma, k\u00f6t\u0151sz\u00f6veti jellemz\u0151id, b\u0151r\u00e1llagod \u2013 narancsb\u0151r\u00f6d \u2013 \u00e9s egy\u00e9ni, alkati tulajdons\u00e1gaid figyelembe v\u00e9tel\u00e9vel egy \u00e1llapotfelm\u00e9r\u00e9st k\u00f6vet\u0151en ker\u00fcl kialak\u00edt\u00e1sra!<\/p>\n","protected":false},"excerpt":{"rendered":"<p>A 35 perces massz\u00e1zs teljes m\u00e9rt\u00e9kben az \u00e1ltalad jelzett megoldand\u00f3 probl\u00e9ma, k\u00f6t\u0151sz\u00f6veti jellemz\u0151id, b\u0151r\u00e1llagod \u2013 narancsb\u0151r\u00f6d \u2013 \u00e9s egy\u00e9ni, alkati tulajdons\u00e1gaid figyelembe v\u00e9tel\u00e9vel egy \u00e1llapotfelm\u00e9r\u00e9st k\u00f6vet\u0151en ker\u00fcl kialak\u00edt\u00e1sra!<\/p>\n","protected":false},"featured_media":1070,"comment_status":"open","ping_status":"closed","template":"","meta":[],"product_brand":[],"product_cat":[40],"product_tag":[51,49,55,56,52,54,53],"class_list":{"0":"post-1506","1":"product","2":"type-product","3":"status-publish","4":"has-post-thumbnail","6":"product_cat-egyeb","7":"product_tag-ajandekutalvany","8":"product_tag-akcio","9":"product_tag-borfeszesites","10":"product_tag-ingyenes","11":"product_tag-lpg","12":"product_tag-narancsbor","13":"product_tag-testkezeles","15":"first","16":"instock","17":"shipping-taxable","18":"product-type-external"},"yoast_head":"<!-- This site is optimized with the Yoast SEO plugin v27.5 - https:\/\/yoast.com\/product\/yoast-seo-wordpress\/ -->\n<title>Lpg Lipomassage testkezel\u00e9s +ingyenes \u00e1llapotfelm\u00e9r\u00e9s - lpg.angels-garden.hu - lpg.angels-garden.hu<\/title>\n<meta name=\"description\" content=\"Aj\u00e1nd\u00e9kozz eg\u00e9szs\u00e9get \u00e9s narancsb\u0151rmentes \u00e9letet.A 35 perces massz\u00e1zs teljes m\u00e9rt\u00e9kben az \u00e1ltalad jelzett megoldand\u00f3 probl\u00e9ma, k\u00f6t\u0151sz\u00f6veti jellemz\u0151id, b\u0151r\u00e1llagod \u2013 narancsb\u0151r\u00f6d \u2013 \u00e9s egy\u00e9ni, alkati tulajdons\u00e1gaid figyelembe v\u00e9tel\u00e9vel egy \u00e1llapotfelm\u00e9r\u00e9st k\u00f6vet\u0151en ker\u00fcl kialak\u00edt\u00e1sra!\" \/>\n<meta name=\"robots\" content=\"index, follow, max-snippet:-1, max-image-preview:large, max-video-preview:-1\" \/>\n<link rel=\"canonical\" href=\"https:\/\/lpg.angels-garden.hu\/index.php\/termek\/lpg-testkezeles-ajandekutalvany\/\" \/>\n<meta property=\"og:locale\" content=\"hu_HU\" \/>\n<meta property=\"og:type\" content=\"article\" \/>\n<meta property=\"og:title\" content=\"Lpg Lipomassage testkezel\u00e9s +ingyenes \u00e1llapotfelm\u00e9r\u00e9s - lpg.angels-garden.hu - lpg.angels-garden.hu\" \/>\n<meta property=\"og:description\" content=\"Aj\u00e1nd\u00e9kozz eg\u00e9szs\u00e9get \u00e9s narancsb\u0151rmentes \u00e9letet.A 35 perces massz\u00e1zs teljes m\u00e9rt\u00e9kben az \u00e1ltalad jelzett megoldand\u00f3 probl\u00e9ma, k\u00f6t\u0151sz\u00f6veti jellemz\u0151id, b\u0151r\u00e1llagod \u2013 narancsb\u0151r\u00f6d \u2013 \u00e9s egy\u00e9ni, alkati tulajdons\u00e1gaid figyelembe v\u00e9tel\u00e9vel egy \u00e1llapotfelm\u00e9r\u00e9st k\u00f6vet\u0151en ker\u00fcl kialak\u00edt\u00e1sra!\" \/>\n<meta property=\"og:url\" content=\"https:\/\/lpg.angels-garden.hu\/index.php\/termek\/lpg-testkezeles-ajandekutalvany\/\" \/>\n<meta property=\"og:site_name\" content=\"lpg.angels-garden.hu\" \/>\n<meta property=\"article:modified_time\" content=\"2025-08-31T15:15:11+00:00\" \/>\n<meta property=\"og:image\" content=\"http:\/\/lpg.angels-garden.hu\/wp-content\/uploads\/2020\/09\/119739835_432961971011995_315126363871790254_n-e1600425740255.jpg\" \/>\n\t<meta property=\"og:image:width\" content=\"450\" \/>\n\t<meta property=\"og:image:height\" content=\"385\" \/>\n\t<meta property=\"og:image:type\" content=\"image\/jpeg\" \/>\n<meta name=\"twitter:card\" content=\"summary_large_image\" \/>\n<script type=\"application\/ld+json\" class=\"yoast-schema-graph\">{\"@context\":\"https:\\\/\\\/schema.org\",\"@graph\":[{\"@type\":\"WebPage\",\"@id\":\"https:\\\/\\\/lpg.angels-garden.hu\\\/index.php\\\/termek\\\/lpg-testkezeles-ajandekutalvany\\\/\",\"url\":\"https:\\\/\\\/lpg.angels-garden.hu\\\/index.php\\\/termek\\\/lpg-testkezeles-ajandekutalvany\\\/\",\"name\":\"Lpg Lipomassage testkezel\u00e9s +ingyenes \u00e1llapotfelm\u00e9r\u00e9s - lpg.angels-garden.hu - lpg.angels-garden.hu\",\"isPartOf\":{\"@id\":\"https:\\\/\\\/lpg.angels-garden.hu\\\/#website\"},\"primaryImageOfPage\":{\"@id\":\"https:\\\/\\\/lpg.angels-garden.hu\\\/index.php\\\/termek\\\/lpg-testkezeles-ajandekutalvany\\\/#primaryimage\"},\"image\":{\"@id\":\"https:\\\/\\\/lpg.angels-garden.hu\\\/index.php\\\/termek\\\/lpg-testkezeles-ajandekutalvany\\\/#primaryimage\"},\"thumbnailUrl\":\"https:\\\/\\\/lpg.angels-garden.hu\\\/wp-content\\\/uploads\\\/2020\\\/09\\\/119739835_432961971011995_315126363871790254_n-e1600425740255.jpg\",\"datePublished\":\"2025-02-20T08:48:49+00:00\",\"dateModified\":\"2025-08-31T15:15:11+00:00\",\"description\":\"Aj\u00e1nd\u00e9kozz eg\u00e9szs\u00e9get \u00e9s narancsb\u0151rmentes \u00e9letet.A 35 perces massz\u00e1zs teljes m\u00e9rt\u00e9kben az \u00e1ltalad jelzett megoldand\u00f3 probl\u00e9ma, k\u00f6t\u0151sz\u00f6veti jellemz\u0151id, b\u0151r\u00e1llagod \u2013 narancsb\u0151r\u00f6d \u2013 \u00e9s egy\u00e9ni, alkati tulajdons\u00e1gaid figyelembe v\u00e9tel\u00e9vel egy \u00e1llapotfelm\u00e9r\u00e9st k\u00f6vet\u0151en ker\u00fcl kialak\u00edt\u00e1sra!\",\"breadcrumb\":{\"@id\":\"https:\\\/\\\/lpg.angels-garden.hu\\\/index.php\\\/termek\\\/lpg-testkezeles-ajandekutalvany\\\/#breadcrumb\"},\"inLanguage\":\"hu\",\"potentialAction\":[{\"@type\":\"ReadAction\",\"target\":[\"https:\\\/\\\/lpg.angels-garden.hu\\\/index.php\\\/termek\\\/lpg-testkezeles-ajandekutalvany\\\/\"]}]},{\"@type\":\"ImageObject\",\"inLanguage\":\"hu\",\"@id\":\"https:\\\/\\\/lpg.angels-garden.hu\\\/index.php\\\/termek\\\/lpg-testkezeles-ajandekutalvany\\\/#primaryimage\",\"url\":\"https:\\\/\\\/lpg.angels-garden.hu\\\/wp-content\\\/uploads\\\/2020\\\/09\\\/119739835_432961971011995_315126363871790254_n-e1600425740255.jpg\",\"contentUrl\":\"https:\\\/\\\/lpg.angels-garden.hu\\\/wp-content\\\/uploads\\\/2020\\\/09\\\/119739835_432961971011995_315126363871790254_n-e1600425740255.jpg\",\"width\":450,\"height\":385},{\"@type\":\"BreadcrumbList\",\"@id\":\"https:\\\/\\\/lpg.angels-garden.hu\\\/index.php\\\/termek\\\/lpg-testkezeles-ajandekutalvany\\\/#breadcrumb\",\"itemListElement\":[{\"@type\":\"ListItem\",\"position\":1,\"name\":\"Kezd\u0151lap\",\"item\":\"https:\\\/\\\/lpg.angels-garden.hu\\\/\"},{\"@type\":\"ListItem\",\"position\":2,\"name\":\"Shop\",\"item\":\"https:\\\/\\\/lpg.angels-garden.hu\\\/index.php\\\/uzlet\\\/\"},{\"@type\":\"ListItem\",\"position\":3,\"name\":\"Lpg Lipomassage testkezel\u00e9s +ingyenes \u00e1llapotfelm\u00e9r\u00e9s\"}]},{\"@type\":\"WebSite\",\"@id\":\"https:\\\/\\\/lpg.angels-garden.hu\\\/#website\",\"url\":\"https:\\\/\\\/lpg.angels-garden.hu\\\/\",\"name\":\"lpg.angels-garden.hu\",\"description\":\"Massz\u00e1zsok arc \u00e9s testkezel\u00e9sek Lpg kezel\u00e9s\",\"potentialAction\":[{\"@type\":\"SearchAction\",\"target\":{\"@type\":\"EntryPoint\",\"urlTemplate\":\"https:\\\/\\\/lpg.angels-garden.hu\\\/?s={search_term_string}\"},\"query-input\":{\"@type\":\"PropertyValueSpecification\",\"valueRequired\":true,\"valueName\":\"search_term_string\"}}],\"inLanguage\":\"hu\"}]}<\/script>\n<!-- \/ Yoast SEO plugin. -->","yoast_head_json":{"title":"Lpg Lipomassage testkezel\u00e9s +ingyenes \u00e1llapotfelm\u00e9r\u00e9s - lpg.angels-garden.hu - lpg.angels-garden.hu","description":"Aj\u00e1nd\u00e9kozz eg\u00e9szs\u00e9get \u00e9s narancsb\u0151rmentes \u00e9letet.A 35 perces massz\u00e1zs teljes m\u00e9rt\u00e9kben az \u00e1ltalad jelzett megoldand\u00f3 probl\u00e9ma, k\u00f6t\u0151sz\u00f6veti jellemz\u0151id, b\u0151r\u00e1llagod \u2013 narancsb\u0151r\u00f6d \u2013 \u00e9s egy\u00e9ni, alkati tulajdons\u00e1gaid figyelembe v\u00e9tel\u00e9vel egy \u00e1llapotfelm\u00e9r\u00e9st k\u00f6vet\u0151en ker\u00fcl kialak\u00edt\u00e1sra!","robots":{"index":"index","follow":"follow","max-snippet":"max-snippet:-1","max-image-preview":"max-image-preview:large","max-video-preview":"max-video-preview:-1"},"canonical":"https:\/\/lpg.angels-garden.hu\/index.php\/termek\/lpg-testkezeles-ajandekutalvany\/","og_locale":"hu_HU","og_type":"article","og_title":"Lpg Lipomassage testkezel\u00e9s +ingyenes \u00e1llapotfelm\u00e9r\u00e9s - lpg.angels-garden.hu - lpg.angels-garden.hu","og_description":"Aj\u00e1nd\u00e9kozz eg\u00e9szs\u00e9get \u00e9s narancsb\u0151rmentes \u00e9letet.A 35 perces massz\u00e1zs teljes m\u00e9rt\u00e9kben az \u00e1ltalad jelzett megoldand\u00f3 probl\u00e9ma, k\u00f6t\u0151sz\u00f6veti jellemz\u0151id, b\u0151r\u00e1llagod \u2013 narancsb\u0151r\u00f6d \u2013 \u00e9s egy\u00e9ni, alkati tulajdons\u00e1gaid figyelembe v\u00e9tel\u00e9vel egy \u00e1llapotfelm\u00e9r\u00e9st k\u00f6vet\u0151en ker\u00fcl kialak\u00edt\u00e1sra!","og_url":"https:\/\/lpg.angels-garden.hu\/index.php\/termek\/lpg-testkezeles-ajandekutalvany\/","og_site_name":"lpg.angels-garden.hu","article_modified_time":"2025-08-31T15:15:11+00:00","og_image":[{"width":450,"height":385,"url":"http:\/\/lpg.angels-garden.hu\/wp-content\/uploads\/2020\/09\/119739835_432961971011995_315126363871790254_n-e1600425740255.jpg","type":"image\/jpeg"}],"twitter_card":"summary_large_image","schema":{"@context":"https:\/\/schema.org","@graph":[{"@type":"WebPage","@id":"https:\/\/lpg.angels-garden.hu\/index.php\/termek\/lpg-testkezeles-ajandekutalvany\/","url":"https:\/\/lpg.angels-garden.hu\/index.php\/termek\/lpg-testkezeles-ajandekutalvany\/","name":"Lpg Lipomassage testkezel\u00e9s +ingyenes \u00e1llapotfelm\u00e9r\u00e9s - lpg.angels-garden.hu - lpg.angels-garden.hu","isPartOf":{"@id":"https:\/\/lpg.angels-garden.hu\/#website"},"primaryImageOfPage":{"@id":"https:\/\/lpg.angels-garden.hu\/index.php\/termek\/lpg-testkezeles-ajandekutalvany\/#primaryimage"},"image":{"@id":"https:\/\/lpg.angels-garden.hu\/index.php\/termek\/lpg-testkezeles-ajandekutalvany\/#primaryimage"},"thumbnailUrl":"https:\/\/lpg.angels-garden.hu\/wp-content\/uploads\/2020\/09\/119739835_432961971011995_315126363871790254_n-e1600425740255.jpg","datePublished":"2025-02-20T08:48:49+00:00","dateModified":"2025-08-31T15:15:11+00:00","description":"Aj\u00e1nd\u00e9kozz eg\u00e9szs\u00e9get \u00e9s narancsb\u0151rmentes \u00e9letet.A 35 perces massz\u00e1zs teljes m\u00e9rt\u00e9kben az \u00e1ltalad jelzett megoldand\u00f3 probl\u00e9ma, k\u00f6t\u0151sz\u00f6veti jellemz\u0151id, b\u0151r\u00e1llagod \u2013 narancsb\u0151r\u00f6d \u2013 \u00e9s egy\u00e9ni, alkati tulajdons\u00e1gaid figyelembe v\u00e9tel\u00e9vel egy \u00e1llapotfelm\u00e9r\u00e9st k\u00f6vet\u0151en ker\u00fcl kialak\u00edt\u00e1sra!","breadcrumb":{"@id":"https:\/\/lpg.angels-garden.hu\/index.php\/termek\/lpg-testkezeles-ajandekutalvany\/#breadcrumb"},"inLanguage":"hu","potentialAction":[{"@type":"ReadAction","target":["https:\/\/lpg.angels-garden.hu\/index.php\/termek\/lpg-testkezeles-ajandekutalvany\/"]}]},{"@type":"ImageObject","inLanguage":"hu","@id":"https:\/\/lpg.angels-garden.hu\/index.php\/termek\/lpg-testkezeles-ajandekutalvany\/#primaryimage","url":"https:\/\/lpg.angels-garden.hu\/wp-content\/uploads\/2020\/09\/119739835_432961971011995_315126363871790254_n-e1600425740255.jpg","contentUrl":"https:\/\/lpg.angels-garden.hu\/wp-content\/uploads\/2020\/09\/119739835_432961971011995_315126363871790254_n-e1600425740255.jpg","width":450,"height":385},{"@type":"BreadcrumbList","@id":"https:\/\/lpg.angels-garden.hu\/index.php\/termek\/lpg-testkezeles-ajandekutalvany\/#breadcrumb","itemListElement":[{"@type":"ListItem","position":1,"name":"Kezd\u0151lap","item":"https:\/\/lpg.angels-garden.hu\/"},{"@type":"ListItem","position":2,"name":"Shop","item":"https:\/\/lpg.angels-garden.hu\/index.php\/uzlet\/"},{"@type":"ListItem","position":3,"name":"Lpg Lipomassage testkezel\u00e9s +ingyenes \u00e1llapotfelm\u00e9r\u00e9s"}]},{"@type":"WebSite","@id":"https:\/\/lpg.angels-garden.hu\/#website","url":"https:\/\/lpg.angels-garden.hu\/","name":"lpg.angels-garden.hu","description":"Massz\u00e1zsok arc \u00e9s testkezel\u00e9sek Lpg kezel\u00e9s","potentialAction":[{"@type":"SearchAction","target":{"@type":"EntryPoint","urlTemplate":"https:\/\/lpg.angels-garden.hu\/?s={search_term_string}"},"query-input":{"@type":"PropertyValueSpecification","valueRequired":true,"valueName":"search_term_string"}}],"inLanguage":"hu"}]}},"_links":{"self":[{"href":"https:\/\/lpg.angels-garden.hu\/index.php\/wp-json\/wp\/v2\/product\/1506","targetHints":{"allow":["GET"]}}],"collection":[{"href":"https:\/\/lpg.angels-garden.hu\/index.php\/wp-json\/wp\/v2\/product"}],"about":[{"href":"https:\/\/lpg.angels-garden.hu\/index.php\/wp-json\/wp\/v2\/types\/product"}],"replies":[{"embeddable":true,"href":"https:\/\/lpg.angels-garden.hu\/index.php\/wp-json\/wp\/v2\/comments?post=1506"}],"wp:featuredmedia":[{"embeddable":true,"href":"https:\/\/lpg.angels-garden.hu\/index.php\/wp-json\/wp\/v2\/media\/1070"}],"wp:attachment":[{"href":"https:\/\/lpg.angels-garden.hu\/index.php\/wp-json\/wp\/v2\/media?parent=1506"}],"wp:term":[{"taxonomy":"product_brand","embeddable":true,"href":"https:\/\/lpg.angels-garden.hu\/index.php\/wp-json\/wp\/v2\/product_brand?post=1506"},{"taxonomy":"product_cat","embeddable":true,"href":"https:\/\/lpg.angels-garden.hu\/index.php\/wp-json\/wp\/v2\/product_cat?post=1506"},{"taxonomy":"product_tag","embeddable":true,"href":"https:\/\/lpg.angels-garden.hu\/index.php\/wp-json\/wp\/v2\/product_tag?post=1506"}],"curies":[{"name":"wp","href":"https:\/\/api.w.org\/{rel}","templated":true}]}}